 and o?
43
Let l(y) = -y**3 - 32*y**2 - 59*y + 155. Let r be l(-30). What is the highest common divisor of r and 3875?
125
Let o(r) = 2*r**3 + r. Let f be o(1). Suppose -93 = -0*x - f*x. What is the highest common divisor of x and 31?
31
Let t = 1639 + -1593. Suppose -575 = -3*w - 2*w. What is the highest common divisor of t and w?
23
Let s(v) = -v**3 + 4*v**2 + 4*v + 3. Let j be s(5). Let t(h) = -h**3 - h + 2. Let i be t(j). Let w = 16 - 10. What is the highest common divisor of w and i?
6
Let g(r) = 2*r**2 + 41*r - 50. Let h be g(-22). What is the greatest common factor of h and 272?
16
Let c = 2 - 1. Let j = -636 + 640. Let k be 127 + (-1 - c) - j. What is the highest common divisor of k and 11?
11
Let m(s) = 3*s**2 - 3*s**2 - 2*s**2 + s + 3*s**2 + 11. Let w be m(-6). Calculate the greatest common divisor of 41 and w.
41
Let b = -31 + 41. Suppose 11*g - b*g - 4 = 0. Calculate the greatest common divisor of 20 and g.
4
Suppose 3*p + 11 = 44. Suppose -4*j - p = -u - 3, -4*j = 3*u - 40. Calculate the highest common factor of 4 and u.
4
Let h = -1 - -7. Let x = h + -138. Let o = -92 - x. What is the highest common divisor of 5 and o?
5
Suppose 2*j + 5220 = 7*j + 5*a, 0 = 2*a + 4. Suppose 15*c - 274 = j. What is the highest common divisor of 220 and c?
44
Let r = 246 + -231. Calculate the highest common divisor of 105 and r.
15
Let g be (-5)/(10/(-6))*1. Suppose 5*k + g*m = 144, -2*m = 2 - 8. Suppose 4*n = -2*n + 1782. What is the greatest common factor of n and k?
27
Let d be (-3)/(3/(-34) - 0). Suppose 2*y + j + 92 = 0, 4*j + 186 = -4*y + j. Let x be 51*(-5)/(y/12). Calculate the greatest common factor of d and x.
34
Let w be -1 + 3 + 2 + -2. Suppose -2*v = -4*v + 10. Suppose -v*c + 5 = -3*t, -w*c + t = -3 + 1. What is the highest common factor of 4 and c?
1
Suppose -2*d + s = -20, -2*d = -36*s + 34*s - 16. Calculate the highest common divisor of d and 12.
12
Suppose 51*s = 61*s - 1560. Let p = 175 + -71. What is the highest common factor of s and p?
52
Let m(w) = 5*w**2 + 24*w - 21. Let t(i) = 2*i**2 + 12*i - 10. Let f(g) = 3*m(g) - 7*t(g). Let h be f(14). Calculate the highest common divisor of 315 and h.
35
Let g(s) = 3*s**2 + 10*s + 44. Let i be g(-8). What is the highest common factor of i and 1482?
78
Let w(s) = -9*s. Let i be w(-1). Let b(u) = u**3 - 10*u**2 + 11*u - 13. Let l be b(i). Calculate the highest common divisor of l and 10.
5
Let s = 7 + 56. Suppose -5*m - s = -2*p, 2*p + 5*m - 73 = -0*m. What is the highest common factor of 17 and p?
17
Suppose d - 104 = -0*d. Suppose 4*o + b - 242 = -194, -69 = -5*o + b. What is the greatest common divisor of o and d?
13
Suppose 2 = 4*y + 18. Let a be y/18 + 150/(-54). Let l(s) = -72*s. Let u be l(a). What is the greatest common divisor of 24 and u?
24
Let q(n) = -9*n - 99. Let w be q(-12). Calculate the highest common divisor of w and 18.
9
Let o(l) = -l**3 - 4*l**2 + 17*l + 18. Let u be o(-7). What is the highest common factor of u and 46?
46
Let g be (4 - (0 - -1))/1. Let d(t) = -t**2 + 8*t + 3. Let b be d(8). Suppose -2*u = -b - 3. What is the highest common divisor of g and u?
3
Suppose 5*w + 99 = 4*x + 23, 2*x + 4*w = 12. Suppose -70 = 2*q - 4*q. Calculate the greatest common factor of q and x.
7
Let t(d) = 170*d - 2. Let a = -142 + 143. Let l be t(a). What is the highest common factor of l and 24?
24
Suppose 12*s = 9*s - 5*k + 64, 88 = 3*s - k. What is the greatest common divisor of 434 and s?
14
Let m = 1233 - 738. What is the greatest common factor of 99 and m?
99
Suppose -608 - 1132 = -5*r - 5*n, 3*r - 5*n = 1044. What is the highest common divisor of 12 and r?
12
Suppose -5*o + 4*o = -16. Suppose -4*x - 5*g + 103 = 0, -x + 3*g = g - o. Calculate the greatest common factor of x and 55.
11
Let y be 1*48/20*5. Suppose 0 = -2*i - 5*b + 289, b - 513 = -4*i + 4*b. Calculate the greatest common divisor of i and y.
12
Suppose -4*k + 2*h + 790 = 0, 3*k + 3*h + 405 = 5*k. What is the greatest common divisor of k and 78?
39
Let c(s) = 64*s**2 - s - 2. Let l be c(-1). Suppose -2*x + 3*x - l = a, 5*a = -15. What is the greatest common factor of x and 24?
12
Let h(v) = 9*v**2 + 19*v + 70. Let s be h(-10). Calculate the greatest common factor of s and 325.
65
Suppose -4*w + 3*g + 44 = 5, -2*w + 5*g + 9 = 0. Let c = 30 - w. What is the greatest common divisor of c and 18?
18
Let m(z) = z**2 + 10*z + 12. Let j be m(-9). Calculate the highest common factor of j and 3.
3
Let l be 4/6*-12 - -134. What is the highest common factor of l and 216?
18
Suppose 20 = i - 2*d, -86*d + 81*d = i - 34. What is the greatest common divisor of i and 1356?
12
Let r = -871 - -1190. Calculate the highest common factor of 22 and r.
11
Suppose 0 = -8*i + 2169 + 7815. Calculate the highest common factor of 39 and i.
39
Let j(y) = 9*y + 33. Let b(c) = -4*c - 17. Let m(s) = -7*b(s) - 3*j(s). Let a be m(-15). Suppose 0 = a*n - 45. Calculate the highest common divisor of 72 and n.
9
Suppose -6*m + m + 130 = 0. What is the highest common divisor of 2 and m?
2
Let j be (-3 + -3)/((-2)/1). Suppose -w - j*w - f = -65, 3*w = -2*f + 50. Let d = 43 - -101. Calculate the greatest common divisor of d and w.
16
Suppose -4*b = -0 - 4. Let s = b - -2. Suppose -s*k - r + 34 = 0, 2*r = -5*k - 0*r + 57. What is the greatest common factor of 99 and k?
11
Let b be 70 + (-1 - 3/(-1)). Suppose 5*w - 108 = -w. Calculate the greatest common factor of b and w.
18
Suppose -8*l = -5*l + 12, -5*j + 2*l = -4008. Calculate the greatest common factor of 8 and j.
8
Let j(v) = -2*v**2 + 31*v - 16. Let n be j(12). What is the highest common divisor of 238 and n?
34
Let q be (-31)/(-3) - 11/33. Suppose 4*j + 71 = 251. Let n be (4/(-3))/(6 + (-276)/j). What is the highest common factor of q and n?
10
Suppose 69 = 2*b + 17. Suppose 0 = -7*n + 14*n - 182. Calculate the highest common factor of n and b.
26
Let x be (1/(-2))/(1/(-28)). Let v = 28 - x. Suppose 14376 + 11691 + 20189 = 413*w. Calculate the greatest common divisor of w and v.
14
Let s be (19 + 3)/(581/189 - 3). Calculate the greatest common factor of 11 and s.
11
Let r = 1074 + -1034. Calculate the highest common divisor of r and 190.
10
Let s be (1/2)/(7/28). Suppose 4*d - s*j = 148, 0 = 4*d - 2*j + 3*j - 160. Suppose k + 12 = d. What is the greatest common divisor of k and 18?
9
Let s(f) = -2*f**3 + 50*f**2 - 156*f - 24. Let a be s(21). Calculate the greatest common divisor of 78 and a.
6
Suppose -y - 5 = 0, -2*o + 30 = -o + 5*y. Calculate the greatest common factor of o and 77.
11
Let i = 279 - 265. Let p(a) = -33*a - 1. Let t be p(-3). Calculate the greatest common factor of i and t.
14
Suppose 0 = 430*n - 427*n - 12. Calculate the greatest common divisor of 166 and n.
2
Suppose -133 = -4*m + 17*n - 14*n, -3*n = -2*m + 59. Calculate the greatest common factor of m and 1369.
37
Suppose 5*p + 3*p = -280. Let d = -29 - p. Calculate the greatest common divisor of d and 3.
3
Let z(s) be the second derivative of s**5/20 - 3*s**4/4 + 7*s**3/6 + 6*s**2 + 37*s. Let c be z(8). What is the greatest common divisor of c and 24?
4
Suppose b = 74 - 32. Let c be ((-16)/6)/((-2)/b). Let u be 86 + (-7)/((-42)/(-12)). Calculate the greatest common divisor of u and c.
28
Let t = 9 - 7. Suppose 2*f + 308 = t*s, 3*f - 7*f = -8. What is the greatest common factor of s and 12?
12
Let l be (-3)/(-5)*(3 + 2). Let x be (l/(-9))/(2/12). Let j(a) = -8*a - 2. Let v be j(x). Calculate the highest common divisor of v and 56.
14
Suppose 2*l + 2*o + 20 = 66, 4*l - 98 = 2*o. Suppose 0 = -3*w + 36 + l. Calculate the highest common divisor of 30 and w.
10
Suppose 0 = -5*j + 5 + 10. Suppose -9 = -j*p + 18. Suppose -2*q - p + 25 = 0. What is the greatest common divisor of 32 and q?
8
Let x = -14 + 16. Suppose 0 = 6*u - 11*u. Suppose -x*b = -5*h + 32 + 34, -4*h - 3*b + 62 = u. What is the highest common factor of h and 70?
14
Suppose 13 - 108 = -19*k. Calculate the highest common factor of 270 and k.
5
Let x be (-5)/((-10)/24) - 0. Suppose -x = -11*n + 8*n. Suppose 5*y + 45 = 3*w - 160, 122 = 2*w + n*y. What is the greatest common divisor of 26 and w?
13
Suppose -14280 + 39848 = 16*d. Calculate the highest common divisor of d and 68.
34
Let l(m) = 22*m - 18. Let z be l(5). Let v = z + -89. What is the highest common factor of 9